uppose -2 + 4 = 2*h. Suppose 0 = -5*a + h + 99. Is a a multiple of 8?
False
Suppose -i = -6*i + 1215. Is 27 a factor of i?
True
Suppose 28*f - 24*f = 48. Does 11 divide f?
False
Let c(q) = -6*q**2 - 14. Let w(z) = -5*z**2 - z - 13. Let f(y) = 6*c(y) - 7*w(y). Let t be f(8). Is 2/(-4)*(-87 + t) a multiple of 22?
True
Let q(c) = 3*c**2 + c + 7. Let f be q(-5). Suppose -2*s = -3*s + f. Is s a multiple of 24?
False
Let w(m) be the third derivative of 4/3*m**3 + 2*m**2 + 0*m + 1/60*m**5 + 0 - 1/8*m**4. Is w(7) a multiple of 14?
False
Is (21 - 11) + 7 + -1 a multiple of 11?
False
Let f(d) = d + 4. Let o be f(-4). Let q = o + 6. Is 10 a factor of (5 + 0)*(-2 + q)?
True
Suppose -2*z + 0*z = -6. Suppose 3*y = -2*w + y + 102, -z*w + 5*y + 177 = 0. Is 18 a factor of w?
True
Let v = -42 - -12. Let g = -19 - v. Is 11 a factor of g?
True
Let k(c) = c**2 + 5*c - 4. Let v be k(4). Suppose 0 = -4*y + 136 - v. Does 14 divide y?
False
Let g(o) = -5*o - 7. Let m be g(7). Let d be (-3)/(45/m + 1). Suppose 5*x - 135 = -5*q, -q - 18 - d = -2*x. Is x a multiple of 18?
False
Suppose 0 = -3*f + 50 + 7. Is 19 a factor of f?
True
Let s be 1 + (-1 - -2) + 1. Suppose 4*f - 327 = 4*d - 7*d, 4*f - 321 = s*d. Is f a multiple of 27?
True
Suppose -4*i + 5*q + 177 = -153, -i + 5*q = -75. Does 39 divide i?
False
Suppose 2*k = -n + 71, k + 0*k = 2*n + 43. Suppose -4*o + k + 11 = 0. Does 6 divide o?
True
Let r be -1 - 1*-6 - 0. Suppose 2*t = 5 + r. Suppose 0 = -3*m - 0*i - i + 72, -m = t*i - 38. Does 8 divide m?
False
Suppose -3*o + 173 = 5*n, -o - 3*o = -4*n - 188. Is 17 a factor of o?
True
Let r be (-1)/(-4) - 1/4. Suppose r*m = m - 14. Suppose -l + m = 4*p, 0*p - 2*p = -5*l + 48. Does 7 divide l?
False
Let f(x) = x**2 - 7*x + 4. Let u be f(5). Is 10 a factor of (-117)/u - (-1)/2?
True
Suppose -p + 979 = 5*r, -3*r = 2*r + 3*p - 987. Is r a multiple of 40?
False
Let c(k) = -2 + k**2 + 7 - 4*k + 11*k. Is c(-7) a multiple of 2?
False
Is 5 a factor of 15/(-4)*184/(-23)?
True
Let h(b) = 5*b**2 - 15*b - 10. Is 10 a factor of h(7)?
True
Let u(a) = 2*a**2 - 9*a + 12. Does 7 divide u(5)?
False
Let n be ((-6)/10)/(1/(-5)). Let o(u) = -n + 2*u + 6 - u. Is o(0) a multiple of 2?
False
Suppose 12*y - 5797 = -5*y. Is y a multiple of 47?
False
Let c = 6 - 3. Let q be c*3/9 + 12. Let j = q + 1. Is 14 a factor of j?
True
Let f(v) = -12*v + 20. Does 25 divide f(-10)?
False
Suppose 2*i - 5*k = 3*i - 15, 4*k = -2*i + 12. Suppose i = 2*d - 6*d + 64. Let n = 25 - d. Is 6 a factor of n?
False
Let j = 27 - 11. Is 4 a factor of j?
True
Let w = 34 + 1. Let l = 75 - w. Is l a multiple of 15?
False
Let a = 4 + -2. Let f = a + -2. Suppose -4*r = -2*s, f*s - 2*s + 3*r + 1 = 0. Is 2 a factor of s?
True
Let y be (-23)/(-2) - (-4)/8. Suppose -2*j - 2 + 1 = t, 2*t = -j - 14. Let g = y - t. Is 12 a factor of g?
False
Suppose -2*z = -7*z. Suppose z = -3*c - 2*l + 142, 2*c - 5*l + 245 = 7*c. Is 12 a factor of c?
False
Let g = 39 - 11. Is 12 a factor of g?
False
Suppose -67 = -6*v + 77. Is v a multiple of 6?
True
Suppose -12 = -3*t + 4*i - 0, -3*t - 4*i = -12. Suppose 5*h + 5*f = 195, -f = h + t*f - 23. Is h a multiple of 16?
False
Suppose -3*s = -s. Suppose 5*z - 57 = -0*h + h, s = -z - 5*h + 1. Is z a multiple of 4?
False
Suppose 59*z = 52*z + 1428. Is z a multiple of 17?
True
Let a(m) = -10*m**3 + m**2 + 4. Is a(-2) a multiple of 14?
False
Suppose 0 = 4*u - 7*u + 6. Suppose -3*t = u*t - 70. Is 4 a factor of t?
False
Let l(y) = y**2 + 9*y + 8. Let o be l(-8). Suppose o = 5*f - 2*f + 3. Is 0 - -15 - (-2)/f a multiple of 9?
False
Let k = -241 - -367. Is k a multiple of 18?
True
Suppose -2*c + 900 = c. Is c/8 - 3/2 a multiple of 18?
True
Let p(w) = 2*w**2 + 14*w + 10. Is p(-10) a multiple of 10?
True
Suppose 5*q - 47 = 73. Suppose 0 = 5*c, c + q = 2*g + 4*c. Is 42*(2 + g/(-9)) a multiple of 15?
False
Suppose -w + 395 = 5*p - 4*w, -57 = -p + 5*w. Let z = -25 + p. Does 12 divide z?
False
Suppose 8 = 5*j + o, 1 = 2*o + 5. Let a be (-1 + j)/(1/2). Suppose a*s = -4 + 12. Is s a multiple of 2?
True
Suppose -l - 69 = -4*l. Does 5 divide l?
False
Suppose 0 = 5*j - 10. Suppose -j*t - 4*p + 64 = 0, -4*t + 0*t + 103 = 3*p. Is 4 a factor of t?
False
Suppose 3*n = n - 2. Let m = 1 + n. Suppose m = -2*j + 22 + 28. Is 9 a factor of j?
False
Let h be (11 - 3)/(2/8). Let a be (88/h)/((-2)/8). Let d = a + 33. Is 14 a factor of d?
False
Let o(d) = d**2 - 5*d - 6. Let i(g) = -g + 35. Let u be i(0). Suppose 6*f = f + u. Is o(f) a multiple of 5?
False
Let b be 2/(-3)*(-105)/14. Suppose -4*d + 24 = v, b*d = 3*v + 2*d - 27. Is v a multiple of 7?
False
Let u(w) = -w**3 + 4*w**2 + 5*w + 7. Let q be (5 - 2)/(-3) + 6. Is 6 a factor of u(q)?
False
Suppose -3*y + 4*y = -j + 59, 2*j - 97 = 5*y. Is j a multiple of 15?
False
Is (4/10)/(2305/575 - 4) a multiple of 41?
False
Let c(b) = -2*b + 101. Does 21 divide c(0)?
False
Suppose -5*x + 377 = -2*i, -4*x - 2*i = -i - 299. Is 15 a factor of x?
True
Suppose 16*w - 14*w - 48 = 0. Does 14 divide w?
False
Let c(l) = -2*l**3. Let v be c(1). Is (v - (-2 - -1))*-27 a multiple of 9?
True
Let y = 2 + 2. Suppose 2*v - 3 = y*h + 9, 39 = 4*v - 5*h. Suppose -z + 6 + v = 0. Is 11 a factor of z?
True
Let m(a) = a - 8. Suppose -3*x + 2*x - 2*j = 12, 5*j - 24 = 2*x. Let i = 24 + x. Is 2 a factor of m(i)?
True
Let u(i) = 4*i**3 + i**2 - 2*i + 2. Let o be 2*(0 - (2 + -3)). Is 10 a factor of u(o)?
False
Suppose 0*o - 26 = -3*o + 5*g, 3*o + 14 = -5*g. Suppose 20 = -5*k, 39 = -o*a + 3*a + k. Does 13 divide a?
False
Suppose -177 = -2*j - 9. Is j a multiple of 21?
True
Let x = 85 + -47. Suppose -2*i - 4*t + x = 0, 3*i = -3*t + 49 + 23. Is i a multiple of 16?
False
Let p(o) = -41*o**3 + o**2 + o. Does 12 divide p(-1)?
False
Suppose 0*s + 5*s + 10 = 0. Let n be (-48)/9*6/s. Let w = 23 - n. Is 3 a factor of w?
False
Suppose 28 + 44 = 3*a. Is a a multiple of 8?
True
Let j(y) = 7*y**2 - 9*y - 2. Is 28 a factor of j(5)?
False
Does 3 divide (-336)/(-60) - (-4)/10?
True
Let j = 351 - 173. Is 13 a factor of j?
False
Let k(f) = -8*f + 2*f - 2*f**2 + 1 + 5*f**2. Let g(b) = 2*b - 2. Let p be g(3). Does 10 divide k(p)?
False
Let x be (-8)/(-44) - 3560/(-22). Suppose -5*f - 2 + x = 0. Does 16 divide f?
True
Let b(l) = -2*l + 38. Let k(n) = -n + 19. Let r(m) = -2*b(m) + 5*k(m). Is 8 a factor of r(-13)?
True
Let g = 31 + -15. Is 2 a factor of g?
True
Suppose 3*w = 4*w - 128. Suppose w = -p + 5*p. Does 13 divide p?
False
Let j(r) = 4*r - 2*r**2 - 8 + 3*r**2 + 0*r**2 + 2. Is 4 a factor of j(-7)?
False
Let q(s) be the second derivative of -s**3 - 2*s**2 - s. Does 16 divide q(-6)?
True
Suppose 3*x + 15 = 0, -4*q + x + 9 = -4. Let d(n) = 5*n**3 + n**2 - 2*n. Let u be d(q). Suppose -3*y + u - 4 = 0. Is y a multiple of 6?
True
Let a(k) = -7*k - 4. Let o be a(-3). Suppose -3*t = -x - 2*t + 8, -4*t - 17 = -x. Let s = o + x. Is 11 a factor of s?
True
Let f(w) = w**2 + 3*w. Is 27 a factor of f(9)?
True
Let o = 39 - 18. Is 4 a factor of o?
False
Suppose 2*w - 42 - 46 = 0. Is 22 a factor of w?
True
Suppose 68 = 4*n - 2*u, -3*n + 35 = 2*u - 23. Let b = 9 + -6. Suppose 45 + n = b*y. Does 14 divide y?
False
Let v(h) = h**2 - 13*h + 24. Is 5 a factor of v(12)?
False
Suppose -3 = 3*m - 5*w - 2, 5*w - 41 = -2*m. Is 2/m - 755/(-20) a multiple of 19?
True
Is (2/3)/(1*(-1)/(-102)) a multiple of 17?
True
Let u(k) be the second derivative of -k**5/20 + k**4 + 2*k**2 + 2*k. Let y = 20 - 8. Does 2 divide u(y)?
True
Is 16 a factor of (-16)/(1/(-3 - 11))?
True
Let t(u) be the first derivative of -u**3/3 + 3*u**2 + 4*u - 1. Let f(q) = q**2 - 6*q - 3. Let g(n) = 3*f(n) + 2*t(n). Is g(7) a multiple of 3?
True
Let c(u) = -u**3 + 6*u**2 - 8*u + 6. Let j be c(5). Let a = -3 - j. Does 6 divide a?
True
Suppose -3*s - 3*n = 4 - 1, -4*s - n - 1 = 0. Suppose 4*o - 5*o + 66 = s. Is 28 a factor of o?
False
Suppose -9*t + 6*t = -486. Does 27 divide t?
True
Let d be (-1)/(-2) + 9/2. Suppose -d*o + 47 + 8 = 0. Is (o/(-2) + 2)*-2 a multiple of 2?
False
Let l be ((-1)/(-1))/(-1 - 0). Does 14 divide l*9*-3 + 2?
False
Suppose -3 = s + 2. Does 7 divide 21/(-3 - s - 1)?
True
Suppose -2*z + z + 40 = 0. Does 5 divide (1 - 0) + z/4?
False
Suppose 5*d = -2*f + 487, 12 = -3*f - 0. Let c = d - 57. Suppose -84 - 31 = -5*l + r, c = l - 4*r. Is 11 a factor of l?
True
Is 10 a factor of (-5)/(-25)